{"id":4715,"date":"2023-06-20T16:41:43","date_gmt":"2023-06-20T15:41:43","guid":{"rendered":"https:\/\/www.cpsantceloni.cat\/?page_id=4715"},"modified":"2023-06-20T17:09:51","modified_gmt":"2023-06-20T16:09:51","slug":"historia-del-club-pati-sant-celoni","status":"publish","type":"page","link":"https:\/\/www.cpsantceloni.cat\/index.php\/historia-del-club-pati-sant-celoni\/","title":{"rendered":"Hist\u00f2ria del Club Pat\u00ed Sant Celoni"},"content":{"rendered":"\t\t<div data-elementor-type=\"wp-page\" data-elementor-id=\"4715\" class=\"elementor elementor-4715\">\n\t\t\t\t\t\t<section class=\"elementor-section elementor-top-section elementor-element elementor-element-0aa2c00 elementor-section-boxed elementor-section-height-default elementor-section-height-default\" data-id=\"0aa2c00\" data-element_type=\"section\">\n\t\t\t\t\t\t<div class=\"elementor-container elementor-column-gap-default\">\n\t\t\t\t\t<div class=\"elementor-column elementor-col-100 elementor-top-column elementor-element elementor-element-f9a9248\" data-id=\"f9a9248\" data-element_type=\"column\">\n\t\t\t<div class=\"elementor-widget-wrap elementor-element-populated\">\n\t\t\t\t\t\t<div class=\"elementor-element elementor-element-81dc239 elementor-widget elementor-widget-heading\" data-id=\"81dc239\" data-element_type=\"widget\" data-widget_type=\"heading.default\">\n\t\t\t\t<div class=\"elementor-widget-container\">\n\t\t\t<h2 class=\"elementor-heading-title elementor-size-default\"><span class=\"elementor-heading-title elementor-size-default elementor-inline-editing pen\" data-elementor-setting-key=\"title\" data-pen-placeholder=\"Escriviu aqu\u00ed...\" style=\"outline-color: currentcolor; outline-style: none; font-variant-caps: normal; font-family: &quot;Work Sans&quot;; font-size: 30px; font-style: normal; color: rgb(0, 117, 175); text-transform: uppercase; letter-spacing: 3px; -webkit-text-stroke-color: rgb(0, 0, 0); stroke: rgb(0, 0, 0); text-align: center;\">HOQUEI PATINS DES DE 1972...<\/span><\/h2>\t\t<\/div>\n\t\t\t\t<\/div>\n\t\t\t\t\t<\/div>\n\t\t<\/div>\n\t\t\t\t\t<\/div>\n\t\t<\/section>\n\t\t\t\t<section class=\"elementor-section elementor-top-section elementor-element elementor-element-5f01a58 elementor-section-boxed elementor-section-height-default elementor-section-height-default\" data-id=\"5f01a58\" data-element_type=\"section\">\n\t\t\t\t\t\t<div class=\"elementor-container elementor-column-gap-default\">\n\t\t\t\t\t<div class=\"elementor-column elementor-col-50 elementor-top-column elementor-element elementor-element-8e5f838\" data-id=\"8e5f838\" data-element_type=\"column\">\n\t\t\t<div class=\"elementor-widget-wrap elementor-element-populated\">\n\t\t\t\t\t\t<div class=\"elementor-element elementor-element-5f79351 elementor-widget elementor-widget-image\" data-id=\"5f79351\" data-element_type=\"widget\" data-widget_type=\"image.default\">\n\t\t\t\t<div class=\"elementor-widget-container\">\n\t\t\t\t\t\t\t\t\t\t\t\t\t<img fetchpriority=\"high\" decoding=\"async\" width=\"280\" height=\"196\" src=\"https:\/\/www.cpsantceloni.cat\/wp-content\/uploads\/2020\/02\/Historica.jpg\" class=\"attachment-full size-full wp-image-1524\" alt=\"\" srcset=\"https:\/\/www.cpsantceloni.cat\/wp-content\/uploads\/2020\/02\/Historica.jpg 280w, https:\/\/www.cpsantceloni.cat\/wp-content\/uploads\/2020\/02\/Historica-128x90.jpg 128w, https:\/\/www.cpsantceloni.cat\/wp-content\/uploads\/2020\/02\/Historica-32x22.jpg 32w\" sizes=\"(max-width: 280px) 100vw, 280px\" \/>\t\t\t\t\t\t\t\t\t\t\t\t\t<\/div>\n\t\t\t\t<\/div>\n\t\t\t\t\t<\/div>\n\t\t<\/div>\n\t\t\t\t<div class=\"elementor-column elementor-col-50 elementor-top-column elementor-element elementor-element-48d089c\" data-id=\"48d089c\" data-element_type=\"column\">\n\t\t\t<div class=\"elementor-widget-wrap elementor-element-populated\">\n\t\t\t\t\t\t<div class=\"elementor-element elementor-element-a58b53d elementor-widget elementor-widget-text-editor\" data-id=\"a58b53d\" data-element_type=\"widget\" data-widget_type=\"text-editor.default\">\n\t\t\t\t<div class=\"elementor-widget-container\">\n\t\t\t\t\t\t\t<p>Era l&#8217;any 1972 quan va arribar l\u00b4hoquei a Sant Celoni, fou de les mans d\u00b4en Joan Parra quan aquest es va traslladar a viure a la vila, aleshores en Joan Parra tenia 16 anys i havia jugat amb els Salesians a Barcelona. En aquells temps a Sant Celoni nom\u00e9s hi havia handbol i futbol.<\/p><p>Per poder continuar jugant a l&#8217;esport que m\u00e9s li agradava en Joan anava a jugar amb l&#8217;Arenys de Munt.<\/p><p>Tot sovint per\u00f2 entrenava a la pista d&#8217; handbol de Sant Celoni, l&#8217;actual pista coberta d&#8217; hoquei, en veure&#8217;l, ben aviat un grup de nens se li va unir i van comen\u00e7ar a entrenar amb ell.<\/p>\t\t\t\t\t\t<\/div>\n\t\t\t\t<\/div>\n\t\t\t\t\t<\/div>\n\t\t<\/div>\n\t\t\t\t\t<\/div>\n\t\t<\/section>\n\t\t\t\t<section class=\"elementor-section elementor-top-section elementor-element elementor-element-daf020b elementor-section-boxed elementor-section-height-default elementor-section-height-default\" data-id=\"daf020b\" data-element_type=\"section\">\n\t\t\t\t\t\t<div class=\"elementor-container elementor-column-gap-default\">\n\t\t\t\t\t<div class=\"elementor-column elementor-col-100 elementor-top-column elementor-element elementor-element-f8e99a6\" data-id=\"f8e99a6\" data-element_type=\"column\">\n\t\t\t<div class=\"elementor-widget-wrap elementor-element-populated\">\n\t\t\t\t\t\t<div class=\"elementor-element elementor-element-efe985f elementor-widget elementor-widget-text-editor\" data-id=\"efe985f\" data-element_type=\"widget\" data-widget_type=\"text-editor.default\">\n\t\t\t\t<div class=\"elementor-widget-container\">\n\t\t\t\t\t\t\t<p>Al cap d\u00b4un temps van comen\u00e7ar a fer partits amistosos.<\/p><p>Cap a l\u00b4any 1975 es va comen\u00e7ar a competir com a secci\u00f3 de la Penya Barcelonista entrenats per en Joan Parra i posteriorment per en Benito, entre d\u00b4altres.<\/p><p>L\u00b4hoquei ben aviat va agafar volada, hi havia una bona colla de nens i diferents equips. La Penya Barcelonista va obrir inscripci\u00f3 per fer socis, es van fer v\u00e0ries categories i es va federar el primer equip.<\/p><p>Va ser a l\u00b4any 1980 que la secci\u00f3 d\u00b4hoquei s\u00b4independitz\u00e0 de la Penya Barcelonista i es constitu\u00ed el Club Pat\u00ed Sant Celoni com a entitat amb estatuts propis.<\/p><p>Al llarg d\u00b4aquests anys el club ha anat creixent arribant a tenir un bon nivell competitiu.<\/p>\t\t\t\t\t\t<\/div>\n\t\t\t\t<\/div>\n\t\t\t\t<div class=\"elementor-element elementor-element-1691881 elementor-widget elementor-widget-spacer\" data-id=\"1691881\" data-element_type=\"widget\" data-widget_type=\"spacer.default\">\n\t\t\t\t<div class=\"elementor-widget-container\">\n\t\t\t\t\t<div class=\"elementor-spacer\">\n\t\t\t<div class=\"elementor-spacer-inner\"><\/div>\n\t\t<\/div>\n\t\t\t\t<\/div>\n\t\t\t\t<\/div>\n\t\t\t\t\t<\/div>\n\t\t<\/div>\n\t\t\t\t\t<\/div>\n\t\t<\/section>\n\t\t\t\t<section class=\"elementor-section elementor-top-section elementor-element elementor-element-4b78c7d elementor-section-boxed elementor-section-height-default elementor-section-height-default\" data-id=\"4b78c7d\" data-element_type=\"section\">\n\t\t\t\t\t\t<div class=\"elementor-container elementor-column-gap-default\">\n\t\t\t\t\t<div class=\"elementor-column elementor-col-100 elementor-top-column elementor-element elementor-element-92855de\" data-id=\"92855de\" data-element_type=\"column\">\n\t\t\t<div class=\"elementor-widget-wrap elementor-element-populated\">\n\t\t\t\t\t\t<div class=\"elementor-element elementor-element-b95c810 elementor-widget elementor-widget-heading\" data-id=\"b95c810\" data-element_type=\"widget\" data-widget_type=\"heading.default\">\n\t\t\t\t<div class=\"elementor-widget-container\">\n\t\t\t<h2 class=\"elementor-heading-title elementor-size-default\"><span class=\"elementor-heading-title elementor-size-default elementor-inline-editing pen\" data-elementor-setting-key=\"title\" data-pen-placeholder=\"Escriviu aqu\u00ed...\" style=\"outline-color: currentcolor; outline-style: none; font-variant-caps: normal; font-family: &quot;Work Sans&quot;; font-size: 17px; font-style: normal; letter-spacing: 0.6px;\">Hist\u00f2ria de l'escut del C.P. Sant Celoni<\/span><\/h2>\t\t<\/div>\n\t\t\t\t<\/div>\n\t\t\t\t\t<\/div>\n\t\t<\/div>\n\t\t\t\t\t<\/div>\n\t\t<\/section>\n\t\t\t\t<section class=\"elementor-section elementor-top-section elementor-element elementor-element-f0f13e8 elementor-section-boxed elementor-section-height-default elementor-section-height-default\" data-id=\"f0f13e8\" data-element_type=\"section\">\n\t\t\t\t\t\t<div class=\"elementor-container elementor-column-gap-default\">\n\t\t\t\t\t<div class=\"elementor-column elementor-col-50 elementor-top-column elementor-element elementor-element-a4356fa\" data-id=\"a4356fa\" data-element_type=\"column\">\n\t\t\t<div class=\"elementor-widget-wrap elementor-element-populated\">\n\t\t\t\t\t\t<div class=\"elementor-element elementor-element-ecdb219 elementor-widget elementor-widget-text-editor\" data-id=\"ecdb219\" data-element_type=\"widget\" data-widget_type=\"text-editor.default\">\n\t\t\t\t<div class=\"elementor-widget-container\">\n\t\t\t\t\t\t\t<p>En el seu inici el Club Pat\u00ed Sant Celoni compartia escut amb la secci\u00f3 de Patinatge Art\u00edstic fins l\u2019any 1997 que van decidir conjuntament separar les dues seccions.<\/p><p>L\u2019escut actual del Club Pat\u00ed Sant Celoni va ser aprovat la temporada 98\/99 aprofitant que l\u2019any 2000 es commemorava el 25\u00e8 aniversari del club.<\/p><p>El disseny de l\u2019escut est\u00e0 inspirat en l&#8217;escut del poble. L\u2019escut de la vila de Sant Celoni va ser aprovat l\u2019any 1983.<\/p>\t\t\t\t\t\t<\/div>\n\t\t\t\t<\/div>\n\t\t\t\t\t<\/div>\n\t\t<\/div>\n\t\t\t\t<div class=\"elementor-column elementor-col-50 elementor-top-column elementor-element elementor-element-164b484\" data-id=\"164b484\" data-element_type=\"column\">\n\t\t\t<div class=\"elementor-widget-wrap elementor-element-populated\">\n\t\t\t\t\t\t<div class=\"elementor-element elementor-element-234c1a4 elementor-widget elementor-widget-image\" data-id=\"234c1a4\" data-element_type=\"widget\" data-widget_type=\"image.default\">\n\t\t\t\t<div class=\"elementor-widget-container\">\n\t\t\t\t\t\t\t\t\t\t\t\t\t<img decoding=\"async\" width=\"300\" height=\"300\" src=\"https:\/\/www.cpsantceloni.cat\/wp-content\/uploads\/2021\/05\/Escut-CPSC-antic-300x300.png\" class=\"attachment-medium size-medium wp-image-2473\" alt=\"\" srcset=\"https:\/\/www.cpsantceloni.cat\/wp-content\/uploads\/2021\/05\/Escut-CPSC-antic-300x300.png 300w, https:\/\/www.cpsantceloni.cat\/wp-content\/uploads\/2021\/05\/Escut-CPSC-antic-100x100.png 100w, https:\/\/www.cpsantceloni.cat\/wp-content\/uploads\/2021\/05\/Escut-CPSC-antic-150x150.png 150w, https:\/\/www.cpsantceloni.cat\/wp-content\/uploads\/2021\/05\/Escut-CPSC-antic-128x128.png 128w, https:\/\/www.cpsantceloni.cat\/wp-content\/uploads\/2021\/05\/Escut-CPSC-antic-32x32.png 32w, https:\/\/www.cpsantceloni.cat\/wp-content\/uploads\/2021\/05\/elementor\/thumbs\/Escut-CPSC-antic-p7702jm5rbt779myo11iklnv3znqqv0s68ujd26cb4.png 200w, https:\/\/www.cpsantceloni.cat\/wp-content\/uploads\/2021\/05\/Escut-CPSC-antic.png 324w\" sizes=\"(max-width: 300px) 100vw, 300px\" \/>\t\t\t\t\t\t\t\t\t\t\t\t\t<\/div>\n\t\t\t\t<\/div>\n\t\t\t\t<div class=\"elementor-element elementor-element-49efee8 elementor-widget elementor-widget-text-editor\" data-id=\"49efee8\" data-element_type=\"widget\" data-widget_type=\"text-editor.default\">\n\t\t\t\t<div class=\"elementor-widget-container\">\n\t\t\t\t\t\t\t<p style=\"text-align: center;\"><strong>Escut fins el 1997<\/strong><\/p>\t\t\t\t\t\t<\/div>\n\t\t\t\t<\/div>\n\t\t\t\t\t<\/div>\n\t\t<\/div>\n\t\t\t\t\t<\/div>\n\t\t<\/section>\n\t\t\t\t<section class=\"elementor-section elementor-top-section elementor-element elementor-element-f8cc53b elementor-section-boxed elementor-section-height-default elementor-section-height-default\" data-id=\"f8cc53b\" data-element_type=\"section\">\n\t\t\t\t\t\t<div class=\"elementor-container elementor-column-gap-default\">\n\t\t\t\t\t<div class=\"elementor-column elementor-col-100 elementor-top-column elementor-element elementor-element-8386509\" data-id=\"8386509\" data-element_type=\"column\">\n\t\t\t<div class=\"elementor-widget-wrap elementor-element-populated\">\n\t\t\t\t\t\t<div class=\"elementor-element elementor-element-df9053e elementor-widget-divider--view-line elementor-widget elementor-widget-divider\" data-id=\"df9053e\" data-element_type=\"widget\" data-widget_type=\"divider.default\">\n\t\t\t\t<div class=\"elementor-widget-container\">\n\t\t\t\t\t<div class=\"elementor-divider\">\n\t\t\t<span class=\"elementor-divider-separator\">\n\t\t\t\t\t\t<\/span>\n\t\t<\/div>\n\t\t\t\t<\/div>\n\t\t\t\t<\/div>\n\t\t\t\t\t<\/div>\n\t\t<\/div>\n\t\t\t\t\t<\/div>\n\t\t<\/section>\n\t\t\t\t<section class=\"elementor-section elementor-top-section elementor-element elementor-element-46da7bb elementor-section-boxed elementor-section-height-default elementor-section-height-default\" data-id=\"46da7bb\" data-element_type=\"section\">\n\t\t\t\t\t\t<div class=\"elementor-container elementor-column-gap-default\">\n\t\t\t\t\t<div class=\"elementor-column elementor-col-50 elementor-top-column elementor-element elementor-element-7ff9e57\" data-id=\"7ff9e57\" data-element_type=\"column\">\n\t\t\t<div class=\"elementor-widget-wrap elementor-element-populated\">\n\t\t\t\t\t\t<div class=\"elementor-element elementor-element-1c8fbc1 elementor-widget elementor-widget-image\" data-id=\"1c8fbc1\" data-element_type=\"widget\" data-widget_type=\"image.default\">\n\t\t\t\t<div class=\"elementor-widget-container\">\n\t\t\t\t\t\t\t\t\t\t\t\t\t<img decoding=\"async\" src=\"https:\/\/www.cpsantceloni.cat\/wp-content\/uploads\/2019\/11\/CPSC_Logo-150x146.jpg\" title=\"\" alt=\"\" loading=\"lazy\" \/>\t\t\t\t\t\t\t\t\t\t\t\t\t<\/div>\n\t\t\t\t<\/div>\n\t\t\t\t<div class=\"elementor-element elementor-element-4820f6b elementor-widget elementor-widget-text-editor\" data-id=\"4820f6b\" data-element_type=\"widget\" data-widget_type=\"text-editor.default\">\n\t\t\t\t<div class=\"elementor-widget-container\">\n\t\t\t\t\t\t\t<p style=\"text-align: center;\"><strong style=\"font-variant-caps: normal; font-family: 'Work Sans'; font-size: 16px; font-style: normal; letter-spacing: 0.6px;\">Escut actual<\/strong><\/p>\t\t\t\t\t\t<\/div>\n\t\t\t\t<\/div>\n\t\t\t\t\t<\/div>\n\t\t<\/div>\n\t\t\t\t<div class=\"elementor-column elementor-col-50 elementor-top-column elementor-element elementor-element-da301f0\" data-id=\"da301f0\" data-element_type=\"column\">\n\t\t\t<div class=\"elementor-widget-wrap elementor-element-populated\">\n\t\t\t\t\t\t<div class=\"elementor-element elementor-element-4d58631 elementor-widget elementor-widget-text-editor\" data-id=\"4d58631\" data-element_type=\"widget\" data-widget_type=\"text-editor.default\">\n\t\t\t\t<div class=\"elementor-widget-container\">\n\t\t\t\t\t\t\t<p>La campana \u00e9s el senyal tradicional de les armes de la vila. Sant Celoni va ser centre d\u2019una comanda hospitalera de 1151 a 1405, en qu\u00e8 va ser comprada per Bernat IV de Cabrera. L\u2019escut cont\u00e9 les armes parlants del vescomtat de Cabrera i la creu dels cavaller de Sant Joan de l\u2019Hospital.<\/p><p>En l\u2019escut s\u00b4ha volgut mantenir la campana com a senyal tradicional i la creu dels cavallers. Es van afegir elements representatius com la bandera catalana, un pat\u00ed i uns estics envoltant l\u2019escut.<\/p>\t\t\t\t\t\t<\/div>\n\t\t\t\t<\/div>\n\t\t\t\t\t<\/div>\n\t\t<\/div>\n\t\t\t\t\t<\/div>\n\t\t<\/section>\n\t\t\t\t<\/div>\n\t\t","protected":false},"excerpt":{"rendered":"<p>HOQUEI PATINS DES DE 1972&#8230; Era l&#8217;any 1972 quan va arribar l\u00b4hoquei a Sant Celoni, fou de les mans d\u00b4en Joan Parra quan aquest es va traslladar a viure a la vila, aleshores en Joan Parra tenia 16 anys i havia jugat amb els Salesians a Barcelona. En aquells temps a Sant Celoni nom\u00e9s hi [&hellip;]<\/p>\n","protected":false},"author":1,"featured_media":0,"parent":0,"menu_order":0,"comment_status":"closed","ping_status":"closed","template":"","meta":{"ocean_post_layout":"","ocean_both_sidebars_style":"","ocean_both_sidebars_content_width":0,"ocean_both_sidebars_sidebars_width":0,"ocean_sidebar":"0","ocean_second_sidebar":"0","ocean_disable_margins":"enable","ocean_add_body_class":"","ocean_shortcode_before_top_bar":"","ocean_shortcode_after_top_bar":"","ocean_shortcode_before_header":"","ocean_shortcode_after_header":"","ocean_has_shortcode":"","ocean_shortcode_after_title":"","ocean_shortcode_before_footer_widgets":"","ocean_shortcode_after_footer_widgets":"","ocean_shortcode_before_footer_bottom":"","ocean_shortcode_after_footer_bottom":"","ocean_display_top_bar":"default","ocean_display_header":"default","ocean_header_style":"","ocean_center_header_left_menu":"0","ocean_custom_header_template":"0","ocean_custom_logo":0,"ocean_custom_retina_logo":0,"ocean_custom_logo_max_width":0,"ocean_custom_logo_tablet_max_width":0,"ocean_custom_logo_mobile_max_width":0,"ocean_custom_logo_max_height":0,"ocean_custom_logo_tablet_max_height":0,"ocean_custom_logo_mobile_max_height":0,"ocean_header_custom_menu":"0","ocean_menu_typo_font_family":"0","ocean_menu_typo_font_subset":"","ocean_menu_typo_font_size":0,"ocean_menu_typo_font_size_tablet":0,"ocean_menu_typo_font_size_mobile":0,"ocean_menu_typo_font_size_unit":"px","ocean_menu_typo_font_weight":"","ocean_menu_typo_font_weight_tablet":"","ocean_menu_typo_font_weight_mobile":"","ocean_menu_typo_transform":"","ocean_menu_typo_transform_tablet":"","ocean_menu_typo_transform_mobile":"","ocean_menu_typo_line_height":0,"ocean_menu_typo_line_height_tablet":0,"ocean_menu_typo_line_height_mobile":0,"ocean_menu_typo_line_height_unit":"","ocean_menu_typo_spacing":0,"ocean_menu_typo_spacing_tablet":0,"ocean_menu_typo_spacing_mobile":0,"ocean_menu_typo_spacing_unit":"","ocean_menu_link_color":"","ocean_menu_link_color_hover":"","ocean_menu_link_color_active":"","ocean_menu_link_background":"","ocean_menu_link_hover_background":"","ocean_menu_link_active_background":"","ocean_menu_social_links_bg":"","ocean_menu_social_hover_links_bg":"","ocean_menu_social_links_color":"","ocean_menu_social_hover_links_color":"","ocean_disable_title":"default","ocean_disable_heading":"default","ocean_post_title":"","ocean_post_subheading":"","ocean_post_title_style":"background-image","ocean_post_title_background_color":"","ocean_post_title_background":511,"ocean_post_title_bg_image_position":"","ocean_post_title_bg_image_attachment":"","ocean_post_title_bg_image_repeat":"","ocean_post_title_bg_image_size":"","ocean_post_title_height":0,"ocean_post_title_bg_overlay":0.5,"ocean_post_title_bg_overlay_color":"","ocean_disable_breadcrumbs":"default","ocean_breadcrumbs_color":"","ocean_breadcrumbs_separator_color":"","ocean_breadcrumbs_links_color":"","ocean_breadcrumbs_links_hover_color":"","ocean_display_footer_widgets":"default","ocean_display_footer_bottom":"default","ocean_custom_footer_template":"0","footnotes":""},"jetpack_sharing_enabled":true,"_links":{"self":[{"href":"https:\/\/www.cpsantceloni.cat\/index.php\/wp-json\/wp\/v2\/pages\/4715"}],"collection":[{"href":"https:\/\/www.cpsantceloni.cat\/index.php\/wp-json\/wp\/v2\/pages"}],"about":[{"href":"https:\/\/www.cpsantceloni.cat\/index.php\/wp-json\/wp\/v2\/types\/page"}],"author":[{"embeddable":true,"href":"https:\/\/www.cpsantceloni.cat\/index.php\/wp-json\/wp\/v2\/users\/1"}],"replies":[{"embeddable":true,"href":"https:\/\/www.cpsantceloni.cat\/index.php\/wp-json\/wp\/v2\/comments?post=4715"}],"version-history":[{"count":8,"href":"https:\/\/www.cpsantceloni.cat\/index.php\/wp-json\/wp\/v2\/pages\/4715\/revisions"}],"predecessor-version":[{"id":4737,"href":"https:\/\/www.cpsantceloni.cat\/index.php\/wp-json\/wp\/v2\/pages\/4715\/revisions\/4737"}],"wp:attachment":[{"href":"https:\/\/www.cpsantceloni.cat\/index.php\/wp-json\/wp\/v2\/media?parent=4715"}],"curies":[{"name":"wp","href":"https:\/\/api.w.org\/{rel}","templated":true}]}}