{"id":449,"date":"2019-12-04T23:34:21","date_gmt":"2019-12-04T21:34:21","guid":{"rendered":"http:\/\/localhost\/cpsantceloni\/?page_id=449"},"modified":"2019-12-05T00:42:17","modified_gmt":"2019-12-04T22:42:17","slug":"politica-de-cookies","status":"publish","type":"page","link":"https:\/\/www.cpsantceloni.cat\/index.php\/politica-de-cookies\/","title":{"rendered":"Pol\u00edtica de cookies"},"content":{"rendered":"\t\t<div data-elementor-type=\"wp-page\" data-elementor-id=\"449\" class=\"elementor elementor-449\">\n\t\t\t\t\t\t<section class=\"elementor-section elementor-top-section elementor-element elementor-element-1ccae45c elementor-section-boxed elementor-section-height-default elementor-section-height-default\" data-id=\"1ccae45c\" data-element_type=\"section\">\n\t\t\t\t\t\t<div class=\"elementor-container elementor-column-gap-default\">\n\t\t\t\t\t<div class=\"elementor-column elementor-col-100 elementor-top-column elementor-element elementor-element-4f72465b\" data-id=\"4f72465b\" data-element_type=\"column\">\n\t\t\t<div class=\"elementor-widget-wrap elementor-element-populated\">\n\t\t\t\t\t\t<div class=\"elementor-element elementor-element-4bf1d5a5 elementor-widget elementor-widget-text-editor\" data-id=\"4bf1d5a5\" data-element_type=\"widget\" data-widget_type=\"text-editor.default\">\n\t\t\t\t<div class=\"elementor-widget-container\">\n\t\t\t\t\t\t\t<p>Aquest web utilitza Cookies pr\u00f2pies i de tercers per recollir informaci\u00f3 sobre les seves visites i l&#8217;\u00fas que fa de la nostra web. En navegar o utilitzar els nostres serveis l&#8217;usuari accepta l&#8217;\u00fas que fem de les Cookies . No obstant aix\u00f2, l&#8217;usuari t\u00e9 l&#8217;opci\u00f3 d&#8217;impedir la generaci\u00f3 de Cookies i l&#8217;eliminaci\u00f3 de les mateixes mitjan\u00e7ant la selecci\u00f3 de la corresponent opci\u00f3 en el seu navegador. En cas de bloquejar l&#8217;\u00fas de Cookies en el seu navegador \u00e9s possible que alguns serveis o funcionalitats de la p\u00e0gina web no estiguin disponibles.<\/p><p>\u00a0<\/p><h3>Qu\u00e8 \u00e9s una cookie?<\/h3><p>Una cookie \u00e9s un petit fragment de text que els llocs web envien al navegador i que s&#8217;emmagatzemen en el terminal de l&#8217;usuari, el qual pot ser un ordinador personal, un tel\u00e8fon m\u00f2bil, un tablet, etc . Aquests arxius permeten que el lloc web recordi informaci\u00f3 sobre la seva visita, com l&#8217;idioma i les opcions preferides, el que pot facilitar la seva pr\u00f2xima visita i fer que el lloc sigui m\u00e9s \u00fatil al personalitzar el seu contingut. Les Cookies tenen un paper molt important, en millorar l&#8217;experi\u00e8ncia d&#8217;\u00fas del web.<\/p><p>\u00a0<\/p><h3>Com s&#8217;utilitzen les Cookies?<\/h3><p>En navegar per aquest portal web l&#8217;usuari est\u00e0 acceptant que es puguin instal\u00b7lar Cookies al seu terminal i que ens permeten con\u00e8ixer la seg\u00fcent informaci\u00f3:<\/p><ul><li style=\"list-style-type: none;\"><ul><li>Informaci\u00f3 estad\u00edstica de l&#8217;\u00fas de la web.<\/li><li>El format de la web preferent en l&#8217;acc\u00e9s des de dispositius m\u00f2bils.<\/li><\/ul><\/li><\/ul><div>\u00a0<\/div><h3>Tipus de Cookies utilitzades<\/h3><p>Aquest web utilitza tant Cookies temporals de sessi\u00f3 com Cookies permanents. Les Cookies de sessi\u00f3 emmagatzemen dades \u00fanicament mentre l&#8217;usuari accedeix al web i les Cookies permanents emmagatzemen les dades en el terminal perqu\u00e8 siguin accedits i utilitzats en m\u00e9s d&#8217;una sessi\u00f3.<\/p><p>Segons la finalitat per a la qual es tractin les dades obtingudes a trav\u00e9s de les Cookies, el web pot utilitzar:<\/p><ul><li style=\"list-style-type: none;\"><ul><li><em>Cookies t\u00e8cniques<\/em>: s\u00f3n aquelles que permeten a l&#8217;usuari la navegaci\u00f3 a trav\u00e9s de la p\u00e0gina web o aplicaci\u00f3 i la utilitzaci\u00f3 de les diferents opcions o serveis que en ella existeixen. Per exemple, controlar el tr\u00e0nsit i la comunicaci\u00f3 de dades, identificar la sessi\u00f3, accedir a les parts Web d&#8217;acc\u00e9s restringit, recordar els elements que integren una comanda, realitzar la sol\u00b7licitud d&#8217;inscripci\u00f3 o participaci\u00f3 en un esdeveniment, utilitzar elements de seguretat durant la navegaci\u00f3 i emmagatzemar continguts per a la difusi\u00f3 de v\u00eddeos o so.<\/li><li><em>Cookies de personalitzaci\u00f3<\/em>: s\u00f3n aquelles que permeten a l&#8217;usuari accedir al servei amb algunes caracter\u00edstiques de car\u00e0cter general predefinides en el seu terminal o que el propi usuari defineixi. Per exemple, l&#8217;idioma, el tipus de navegador a trav\u00e9s del qual accedeix al servei, el disseny de continguts seleccionat, geolocalitzaci\u00f3 del terminal i la configuraci\u00f3 regional des d&#8217;on s&#8217;accedeix al servei.<\/li><li><em>Cookies d&#8217;an\u00e0lisi estad\u00edstica<\/em>: les Cookies d&#8217;an\u00e0lisi permeten recollir informaci\u00f3 sobre com els usuaris interactuen a la nostra p\u00e0gina web, per tal d&#8217;analitzar de forma agregada aquestes conductes i poder introduir millores, no permeten identificar-lo.<\/li><li><em>Cookies publicit\u00e0ries<\/em>: s\u00f3n aquelles que permeten la gesti\u00f3 efica\u00e7 dels espais publicitaris que s&#8217;han incl\u00f2s a la p\u00e0gina web o aplicaci\u00f3 des de la qual es presta el servei. Permeten adequar el contingut de la publicitat perqu\u00e8 aquesta sigui rellevant per a l&#8217;usuari i per evitar mostrar anuncis que l&#8217;usuari ja hagi vist.<\/li><li><em>Cookies de complement<\/em>: les Cookies de complement per intercanviar continguts socials s\u00f3n gestionades \u00edntegrament per Facebook, Twitter, Google+, YouTube, Pinterest i Instagram. Integrem a la nostra p\u00e0gina web &#8220;m\u00f2duls de complement de continguts socials&#8221; que faciliten als membres de xarxes socials intercanviar continguts.<\/li><\/ul><\/li><\/ul><p>En particular aquest lloc Web utilitza Google Analytics, un servei d\u2019anal\u00edtica Web proporcionat per Google, Inc. Amb domicili als Estats Units d\u2019Am\u00e8rica amb seu central a 1600 Amphitheatre Parkway, Mountain View, California 94043. Per a la prestaci\u00f3 d\u2019aquests serveis, aquests utilitzen cookies que recopilen la informaci\u00f3, inclosa d\u2019adre\u00e7a IP de l\u2019usuari, que ser\u00e0 transmesa, tractada i emmagatzemada per Google en els termes fixats al lloc web Google.com. Incloent la possible transmissi\u00f3 d\u2019aquesta informaci\u00f3 a tercer per raons d\u2019exig\u00e8ncia legal o quan els tercers esmentats processin la informaci\u00f3 per compte de Google.<\/p><p>\u00a0<\/p><h3>Com administrar les Cookies al navegador?<\/h3><p>L&#8217;usuari t\u00e9 l&#8217;opci\u00f3 de permetre, bloquejar o eliminar les Cookies instal\u00b7lades en el seu equip mitjan\u00e7ant la configuraci\u00f3 de les opcions del navegador en el seu terminal:<\/p><p>Per ajustar els permisos relacionats amb les Cookies al navegador <em><strong>Google Chrome<\/strong><\/em>:<\/p><ul><li style=\"list-style-type: none;\"><ul><li>Fer clic al men\u00fa situat a la barra d&#8217;eines.<\/li><li>Seleccionar &#8216;Configuraci\u00f3&#8217;.<\/li><li>Fer clic a &#8216;Mostra opcions avan\u00e7ades&#8217;.<\/li><li>A la secci\u00f3 &#8216;Privacitat&#8217; fer clic al bot\u00f3 &#8216;Configuraci\u00f3 de contingut&#8217;.<\/li><li>A la secci\u00f3 de &#8216;Cookies&#8217; es poden configurar les opcions.<\/li><\/ul><\/li><\/ul><p>Per ajustar els permisos relacionats amb les Cookies al navegador <em><strong>Mozilla Firefox<\/strong><\/em>:<\/p><ul><li style=\"list-style-type: none;\"><ul><li>A la part superior de la finestra del Firefox fer clic al men\u00fa &#8216;Eines&#8217;.<\/li><li>Seleccionar &#8216;Opcions&#8217;.<\/li><li>Seleccionar el panell &#8216;Privacitat&#8217;.<\/li><li>En l&#8217;opci\u00f3 Firefox podr\u00e0 triar Utilitza una configuraci\u00f3 personalitzada per l&#8217;historial per configurar les opcions.<\/li><\/ul><\/li><\/ul><p>Per ajustar els permisos relacionats amb les Cookies al navegador <em><strong>Internet Explorer 9<\/strong><\/em>:<\/p><ul><li style=\"list-style-type: none;\"><ul><li>A la part superior de la finestra d&#8217;Internet Explorer fer clic al men\u00fa &#8216;Eines&#8217;.<\/li><li>Seleccionar la pestanya de &#8216;Seguretat&#8217; i utilitzar l&#8217;opci\u00f3 Suprimeix l&#8217;historial d&#8217;exploraci\u00f3 per eliminar les Cookies.<\/li><li>Activar la casella &#8216;Cookies&#8217; i, a continuaci\u00f3, fer clic a &#8216;Suprimeix&#8217;.<\/li><li>Seleccionar la pestanya de &#8216;Seguretat&#8217; i utilitzar la Configuraci\u00f3 moure el control lliscant totalment cap amunt per bloquejar totes les galetes o totalment cap avall per permetre totes les galetes.<\/li><li>Despr\u00e9s d&#8217;aix\u00f2, fer clic a &#8216;D&#8217;acord&#8217;.<\/li><\/ul><\/li><\/ul><div>\u00a0<\/div><h3>Com oposar-se a la instal\u00b7laci\u00f3 de Cookies?<\/h3><p>Tot usuari pot, en qualsevol moment, rebutjar la instal\u00b7laci\u00f3 de determinades Cookies, com per exemple les publicit\u00e0ries.<\/p><p>En cas de bloquejar l&#8217;\u00fas de Cookies en el seu navegador \u00e9s possible que alguns serveis o funcionalitats de la p\u00e0gina web no estiguin disponibles.<\/p><p>En alguns navegadors es poden configurar regles espec\u00edfiques per administrar Cookies per lloc web, el que ofereix un control m\u00e9s prec\u00eds sobre la privacitat. En aquest cas es pot desactivar Cookies de tots els llocs excepte d&#8217;aquells en els quals es confi\u00ef.<\/p><p>Alguns dels nostres prove\u00efdors tenen un sistema per a oposar-se a la instal\u00b7laci\u00f3 de les seves Cookies, tal i com li indiquem en la taula que trobar\u00e0 a continuaci\u00f3:<\/p><p>Alternativament, pot fer servir serveis de \u201cDo Not Track\u201d, com per exemple Ghostery (https:\/\/www.ghostery.com) o Disconnect (https:\/\/disconnect.me), entre d\u2019altres.<\/p><p>Tingui en compte que \u00e9s possible que si les Cookies ja es troben instal\u00b7lades les hagi d\u2019esborrar pr\u00e8viament, d\u2019acord amb l\u2019indicat en el punt anterior. Tanmateix, \u00e9s possible que a l\u2019esborrar-les, es perdin tamb\u00e9 les prefer\u00e8ncies sobre l\u2019oposici\u00f3 a la seva instal\u00b7laci\u00f3.<\/p>\t\t\t\t\t\t<\/div>\n\t\t\t\t<\/div>\n\t\t\t\t\t<\/div>\n\t\t<\/div>\n\t\t\t\t\t<\/div>\n\t\t<\/section>\n\t\t\t\t<\/div>\n\t\t","protected":false},"excerpt":{"rendered":"<p>Aquest web utilitza Cookies pr\u00f2pies i de tercers per recollir informaci\u00f3 sobre les seves visites i l&#8217;\u00fas que fa de la nostra web. En navegar o utilitzar els nostres serveis l&#8217;usuari accepta l&#8217;\u00fas que fem de les Cookies . No obstant aix\u00f2, l&#8217;usuari t\u00e9 l&#8217;opci\u00f3 d&#8217;impedir la generaci\u00f3 de Cookies i l&#8217;eliminaci\u00f3 de les mateixes [&hellip;]<\/p>\n","protected":false},"author":1,"featured_media":0,"parent":0,"menu_order":0,"comment_status":"closed","ping_status":"closed","template":"","meta":{"ocean_post_layout":"","ocean_both_sidebars_style":"","ocean_both_sidebars_content_width":0,"ocean_both_sidebars_sidebars_width":0,"ocean_sidebar":"0","ocean_second_sidebar":"0","ocean_disable_margins":"enable","ocean_add_body_class":"","ocean_shortcode_before_top_bar":"","ocean_shortcode_after_top_bar":"","ocean_shortcode_before_header":"","ocean_shortcode_after_header":"","ocean_has_shortcode":"","ocean_shortcode_after_title":"","ocean_shortcode_before_footer_widgets":"","ocean_shortcode_after_footer_widgets":"","ocean_shortcode_before_footer_bottom":"","ocean_shortcode_after_footer_bottom":"","ocean_display_top_bar":"default","ocean_display_header":"default","ocean_header_style":"","ocean_center_header_left_menu":"0","ocean_custom_header_template":"0","ocean_custom_logo":0,"ocean_custom_retina_logo":0,"ocean_custom_logo_max_width":0,"ocean_custom_logo_tablet_max_width":0,"ocean_custom_logo_mobile_max_width":0,"ocean_custom_logo_max_height":0,"ocean_custom_logo_tablet_max_height":0,"ocean_custom_logo_mobile_max_height":0,"ocean_header_custom_menu":"0","ocean_menu_typo_font_family":"0","ocean_menu_typo_font_subset":"","ocean_menu_typo_font_size":0,"ocean_menu_typo_font_size_tablet":0,"ocean_menu_typo_font_size_mobile":0,"ocean_menu_typo_font_size_unit":"px","ocean_menu_typo_font_weight":"","ocean_menu_typo_font_weight_tablet":"","ocean_menu_typo_font_weight_mobile":"","ocean_menu_typo_transform":"","ocean_menu_typo_transform_tablet":"","ocean_menu_typo_transform_mobile":"","ocean_menu_typo_line_height":0,"ocean_menu_typo_line_height_tablet":0,"ocean_menu_typo_line_height_mobile":0,"ocean_menu_typo_line_height_unit":"","ocean_menu_typo_spacing":0,"ocean_menu_typo_spacing_tablet":0,"ocean_menu_typo_spacing_mobile":0,"ocean_menu_typo_spacing_unit":"","ocean_menu_link_color":"","ocean_menu_link_color_hover":"","ocean_menu_link_color_active":"","ocean_menu_link_background":"","ocean_menu_link_hover_background":"","ocean_menu_link_active_background":"","ocean_menu_social_links_bg":"","ocean_menu_social_hover_links_bg":"","ocean_menu_social_links_color":"","ocean_menu_social_hover_links_color":"","ocean_disable_title":"default","ocean_disable_heading":"default","ocean_post_title":"","ocean_post_subheading":"","ocean_post_title_style":"","ocean_post_title_background_color":"","ocean_post_title_background":0,"ocean_post_title_bg_image_position":"","ocean_post_title_bg_image_attachment":"","ocean_post_title_bg_image_repeat":"","ocean_post_title_bg_image_size":"","ocean_post_title_height":0,"ocean_post_title_bg_overlay":0.5,"ocean_post_title_bg_overlay_color":"","ocean_disable_breadcrumbs":"default","ocean_breadcrumbs_color":"","ocean_breadcrumbs_separator_color":"","ocean_breadcrumbs_links_color":"","ocean_breadcrumbs_links_hover_color":"","ocean_display_footer_widgets":"default","ocean_display_footer_bottom":"default","ocean_custom_footer_template":"0","footnotes":""},"jetpack_sharing_enabled":true,"_links":{"self":[{"href":"https:\/\/www.cpsantceloni.cat\/index.php\/wp-json\/wp\/v2\/pages\/449"}],"collection":[{"href":"https:\/\/www.cpsantceloni.cat\/index.php\/wp-json\/wp\/v2\/pages"}],"about":[{"href":"https:\/\/www.cpsantceloni.cat\/index.php\/wp-json\/wp\/v2\/types\/page"}],"author":[{"embeddable":true,"href":"https:\/\/www.cpsantceloni.cat\/index.php\/wp-json\/wp\/v2\/users\/1"}],"replies":[{"embeddable":true,"href":"https:\/\/www.cpsantceloni.cat\/index.php\/wp-json\/wp\/v2\/comments?post=449"}],"version-history":[{"count":5,"href":"https:\/\/www.cpsantceloni.cat\/index.php\/wp-json\/wp\/v2\/pages\/449\/revisions"}],"predecessor-version":[{"id":460,"href":"https:\/\/www.cpsantceloni.cat\/index.php\/wp-json\/wp\/v2\/pages\/449\/revisions\/460"}],"wp:attachment":[{"href":"https:\/\/www.cpsantceloni.cat\/index.php\/wp-json\/wp\/v2\/media?parent=449"}],"curies":[{"name":"wp","href":"https:\/\/api.w.org\/{rel}","templated":true}]}}